0?
2, 5, 11, 67, 89
List the prime factors of 1100667.
3, 366889
List the prime factors of 1246765.
5, 13, 19181
List the prime factors of 1634460.
2, 3, 5, 27241
What are the prime factors of 8247978?
2, 3, 73, 6277
List the prime factors of 994459.
281, 3539
What are the prime factors of 709?
709
What are the prime factors of 716000?
2, 5, 179
List the prime factors of 837865.
5, 7, 37, 647
What are the prime factors of 94136?
2, 7, 41
What are the prime factors of 746886?
2, 3, 7, 17783
List the prime factors of 9064080.
2, 3, 5, 12589
List the prime factors of 54117.
3, 7, 859
What are the prime factors of 347155?
5, 69431
What are the prime factors of 206848?
2, 101
List the prime factors of 5353743.
3, 1784581
List the prime factors of 2031177.
3, 17, 39827
What are the prime factors of 44419?
43, 1033
List the prime factors of 6280934.
2, 11, 285497
List the prime factors of 714544.
2, 17, 37, 71
What are the prime factors of 78425?
5, 3137
List the prime factors of 1157758.
2, 7, 41, 2017
List the prime factors of 481232.
2, 19, 1583
List the prime factors of 3349133.
83, 40351
List the prime factors of 36092.
2, 7, 1289
What are the prime factors of 614291?
614291
What are the prime factors of 1678469?
13, 129113
What are the prime factors of 16118765?
5, 13, 43, 73, 79
List the prime factors of 8430469.
71, 118739
List the prime factors of 12544755.
3, 5, 836317
What are the prime factors of 779490?
2, 3, 5, 2887
What are the prime factors of 951884?
2, 237971
List the prime factors of 4400489.
29, 41, 3701
List the prime factors of 5434954.
2, 7, 388211
What are the prime factors of 85786?
2, 59, 727
List the prime factors of 44001.
3, 4889
List the prime factors of 645476.
2, 13, 12413
List the prime factors of 3272192.
2, 7, 11, 83
List the prime factors of 1086878.
2, 13, 17, 2459
List the prime factors of 189588.
2, 3, 7, 37, 61
What are the prime factors of 10752368?
2, 11, 199, 307
What are the prime factors of 4121329?
283, 14563
List the prime factors of 2059916.
2, 47, 10957
What are the prime factors of 290600?
2, 5, 1453
What are the prime factors of 1405674?
2, 3, 8677
List the prime factors of 168703.
73, 2311
List the prime factors of 1957121.
1957121
List the prime factors of 3588589.
3588589
What are the prime factors of 7112549?
173, 41113
List the prime factors of 86254.
2, 7, 61, 101
What are the prime factors of 155664?
2, 3, 23, 47
List the prime factors of 178135.
5, 23, 1549
What are the prime factors of 250510?
2, 5, 13, 41, 47
List the prime factors of 3906860.
2, 5, 195343
What are the prime factors of 312962?
2, 13, 12037
List the prime factors of 1908234.
2, 3, 106013
List the prime factors of 31156039.
31156039
List the prime factors of 501479.
11, 45589
What are the prime factors of 213608?
2, 26701
What are the prime factors of 6224389?
389, 16001
List the prime factors of 7540997.
7540997
What are the prime factors of 13351032?
2, 3, 107, 1733
List the prime factors of 21472678.
2, 1097, 9787
What are the prime factors of 150419?
349, 431
What are the prime factors of 1851901?
1851901
What are the prime factors of 873557?
683, 1279
What are the prime factors of 6005214?
2, 3, 333623
List the prime factors of 3354271.
1663, 2017
List the prime factors of 1673930.
2, 5, 167393
What are the prime factors of 5607145?
5, 233, 4813
What are the prime factors of 16097747?
16097747
What are the prime factors of 7239257?
227, 31891
List the prime factors of 596076.
2, 3, 13, 3821
What are the prime factors of 5417263?
433, 12511
List the prime factors of 6465776.
2, 19, 21269
What are the prime factors of 6164415?
3, 5, 136987
What are the prime factors of 145088?
2, 2267
List the prime factors of 300640.
2, 5, 1879
List the prime factors of 1248262.
2, 19, 107, 307
What are the prime factors of 174931?
174931
List the prime factors of 11666561.
523, 22307
What are the prime factors of 154886?
2, 43, 1801
What are the prime factors of 537483?
3, 179161
What are the prime factors of 256210?
2, 5, 25621
What are the prime factors of 1668789?
3, 19, 3253
What are the prime factors of 12868501?
12868501
What are the prime factors of 418601?
418601
What are the prime factors of 259753?
13, 29, 53
What are the prime factors of 720263?
373, 1931
What are the prime factors of 99941?
139, 719
What are the prime factors of 1741123?
17, 23, 61, 73
What are the prime factors of 1103869?
13, 84913
List the prime factors of 784691.
23, 109, 313
List the prime factors of 126245.
5, 7, 3607
What are the prime factors of 5070959?
5070959
What are the prime factors of 2961709?
31, 95539
What are the prime factors of 345558?
2, 3, 57593
What are the prime factors of 868605?
3, 5, 79, 733
List the prime factors of 573628.
2, 11, 13037
List the prime factors of 10507623.
3, 7, 500363
What are the prime factors of 17509?
17509
List the prime factors of 1489200.
2, 3, 5, 17, 73
List the prime factors of 5398316.
2, 7, 11, 17, 1031
List the prime factors of 70882.
2, 7, 61, 83
What are the prime factors of 31561744?
2, 29, 251, 271
List the prime factors of 3619917.
3, 7, 107, 179
What are the prime factors of 3265695?
3, 5, 31, 2341
List the prime factors of 145609.
29, 5021
What are the prime factors of 15748128?
2, 3, 11, 1657
List the prime factors of 76802.
2, 11, 3491
List the prime factors of 419393.
13, 32261
What are the prime factors of 2785457?
19, 146603
List the prime factors of 702900.
2, 3, 5, 11, 71
List the prime factors of 799355.
5, 159871
List the prime factors of 163404.
2, 3, 17, 89
What are the prime factors of 231855?
3, 5, 13, 29, 41
List the prime factors of 14417314.
2, 19, 461, 823
What are the prime factors of 243874?
2, 121937
List the prime factors of 4434984.
2, 3, 31, 1987
List the prime factors of 3246541.
17, 353, 541
What are the prime factors of 4622072?
2, 7, 13, 907
List the prime factors of 171821.
13, 13217
What are the prime factors of 314814?
2, 3, 71, 739
What are the prime factors of 386472?
2, 3, 16103
List the prime factors of 129415.
5, 11, 13, 181
What are the prime factors of 530502?
2, 3, 7, 17, 743
What are the prime factors of 5915902?
2, 61, 48491
List the prime factors of 318542.
2, 7, 61, 373
List the prime factors of 2943013.
613, 4801
List the prime factors of 1317537.
3, 13, 11261
What are the prime factors of 218445?
3, 5, 14563
List the prime factors of 1333540.
2, 5, 13, 23, 223
List the prime factors of 23397234.
2, 3, 7, 479, 1163
What are the prime factors of 23375551?
331, 70621
List the prime factors of 451147.
97, 4651
List the prime factors of 245230.
2, 5, 137, 179
What are the prime factors of 193578?
2, 3, 7, 11, 419
What are the prime factors of 253180?
2, 5, 12659
What are the prime factors of 228658?
2, 114329
List the prime factors of 158992.
2, 19, 523
What are the prime factors of 6920817?
3, 163, 14153
What are the prime factors of 70865?
5, 14173
List the prime factors of 1350140.
2, 5, 11, 17, 19
List the prime factors of 1035112.
2, 13, 37, 269
List the prime factors of 2409247.
43, 1303
What are the prime factors of 9461729?
9461729
What are the prime factors of 396982?
2, 198491
What are the prime factors of 3645483?
3, 1215161
List the prime factors of 30302257.
2459, 12323
List the prime factors of 130461.
3, 43487
List the prime factors of 77137.
77137
List the prime factors of 10615115.
5, 7, 37, 1171
What are the prime factors of 629354?
2, 11, 28607
What are the prime factors of 3366579?
3, 23, 97, 503
What are the prime factors of 1530226?
2, 47, 73, 223
What are the prime factors of 8932765?
5, 1786553
List the prime factors of 68151.
3, 22717
List the prime factors of 199092.
2, 3, 47, 353
List the prime factors of 97223.
7, 17, 19, 43
What are the prime factors of 795403?
7, 199, 571
List the prime factors of 6278114.
2, 1487, 2111
What are the prime factors of 8728941?
3, 13, 41, 53, 103
What are the prime factors of 1226729?
7, 29, 6043
What are the prime factors of 804087?
3, 1103
What are the prime factors of 882223?
293, 3011
List the prime factors of 183859.
13, 14143
What are the prime factors of 5181277?
17, 304781
What are the prime factors of 750067?
59, 12713
What are the prime factors of 5085511?
251, 20261
What are the prim